d by 3?
1
Let n(x) = x**3 - 2*x**2 + 5*x - 5. Let w(f) = -3*f**3 - 4*f**2 - 4*f - 3. What is the remainder when w(-2) is divided by n(2)?
3
Let w = 28 - 11. Let o = 13 - 9. Suppose -7 = -o*l + 17. What is the remainder when w is divided by l?
5
Let l be -3*(0 - (-164)/(-6)). Suppose -5*m - l = -362. Calculate the remainder when m is divided by 15.
11
Suppose 9 = 4*d - 3. Suppose 2*j - 30 = -d*j. Calculate the remainder when 21 is divided by j.
3
Let s(j) = 61*j + 2. What is the remainder when s(1) is divided by 16?
15
Suppose 0 = 4*u + 4 - 28. Suppose 0 = 3*i - 0*i - u. Calculate the remainder when 24 is divided by (3 - 4)*(-18)/i.
6
Let g(p) = 24*p**3 + p - 1. Calculate the remainder when 46 is divided by g(1).
22
Suppose -67*q + 14 = -66*q. Let o be 70/4 + (-1)/(-2). Suppose 2*m - o = 62. What is the remainder when m is divided by q?
12
Let y(b) = b**3 - b**2 + 5*b - 7. Let w be y(5). Suppose 5*c - w = 27. What is the remainder when c is divided by 16?
13
Suppose 1 = q + k - 1, -3*q = k - 2. Suppose -4*m = -y - 56 - 13, q = -5*m - 4*y + 102. Calculate the remainder when m is divided by 10.
8
Calculate the remainder when (-7 - 3)*12/(-6) is divided by 8.
4
Suppose 1 = q - 17. Calculate the remainder when q is divided by 11.
7
Suppose 6*i + 52 - 232 = 0. Calculate the remainder when 87 is divided by i.
27
Let a(f) = f**3 - 5*f**2 + 9*f - 15. Calculate the remainder when a(6) is divided by 13.
10
What is the remainder when 9 is divided by (4/3)/(6/27)?
3
Let j(d) = d**2 - d - 2. Calculate the remainder when j(6) is divided by 8.
4
Calculate the remainder when 21 is divided by (18/(-10))/3*-20.
9
Let a = 6 + 9. Calculate the remainder when a is divided by 4.
3
Let y(a) = 19*a**2 - 2*a - 1. Let o(r) = -r + 2. What is the remainder when y(-1) is divided by o(-5)?
6
Suppose 2*y - 3*y = 2*p - 87, 2*p + 4*y = 78. What is the remainder when 87 is divided by p?
42
Let k be (-39)/6 - 2/4. Let i = k - -12. Suppose -i*c + 4*j + 48 = 0, 2*c + 6*j = j + 39. Calculate the remainder when 35 is divided by c.
11
Let y = 6 - 4. Suppose y*w + 1127 = 5*b, -w + 2*w - 685 = -3*b. Suppose s + 111 = 4*j, -2*s + b = 5*j + 72. What is the remainder when j is divided by 10?
9
Let u(t) = t**3 - 3*t**2 - 4*t + 11. Let o(r) = -r**2 - 1. Let b(a) = -3*o(a) - u(a). Calculate the remainder when 29 is divided by b(6).
13
Let i(d) = -39*d - 1. Let y be i(-1). Let r = y - 26. What is the remainder when 2/(r/165)*2 is divided by 19?
17
Suppose 6 = -c + 1. Let j(w) be the third derivative of w**5/60 + w**4/6 - w**3/3 + 4*w**2. What is the remainder when j(c) is divided by 2?
1
Calculate the remainder when -10*6/(-15)*86/4 is divided by 24.
14
Let h(v) = 19*v. Suppose -x + 2*x = 2. What is the remainder when h(x) is divided by 13?
12
Let g = 355 + -210. Let i = -75 + g. Suppose i = 3*q - q. Calculate the remainder when q is divided by 12.
11
Suppose 17 - 42 = -5*c + 5*o, -2*c + 4*o = -20. Suppose c*a + 2*a - 20 = 0. Let g = 43 - 24. Calculate the remainder when g is divided by a.
9
Suppose -4*o - s + 4*s + 165 = 0, -5*o + 207 = -3*s. Calculate the remainder when o is divided by 11.
9
Let r = 8 + 23. Let o = r + -21. Suppose 5*j = -3*g + 75, 2*j = -2*g - g + 21. What is the remainder when j is divided by o?
8
Calculate the remainder when (6/4)/((-6)/(-40)) is divided by 2/(2*-1) - -7.
4
Suppose 8*n = 476 + 668. Calculate the remainder when n is divided by 24.
23
Suppose 120 = -20*k + 24*k. What is the remainder when 118 is divided by k?
28
Let j(r) = 4*r**3 - 6*r - 4. What is the remainder when j(3) is divided by 45?
41
What is the remainder when 3/(-1)*(3 + (-355)/15) is divided by 17?
11
Let g(p) = 7*p**2 + 2*p + 4. Calculate the remainder when g(-3) is divided by 13.
9
Let m(l) = 2*l - 1. Let n be m(2). Suppose -2*f + 58 = n*j - 0, 2*j - 46 = -5*f. Calculate the remainder when 35 is divided by j.
17
Suppose p - 190 = -4*p. Suppose -g = 3*v - 6*v - 17, 5*v - 85 = -4*g. What is the remainder when p is divided by g?
18
Let f = 5 + -1. Suppose 0 = -f*o - o + 15. Suppose 6*s - 4*s = 10. Calculate the remainder when s is divided by o.
2
What is the remainder when 3/(2 + 4)*12 is divided by 2?
0
Suppose -3*p - 2*p + 3*g = 162, 3*p = 5*g - 110. Let q(n) = -n - 1. Let c be q(-4). Calculate the remainder when 2/c + p/(-9) is divided by 2.
0
Let j(p) be the first derivative of p**3/3 + 3*p**2/2 + 3*p - 2. What is the remainder when j(-5) is divided by 5?
3
Suppose -5*a - 176 = 2*i - 576, -287 = -4*a + 5*i. What is the remainder when a is divided by ((-12)/(-10))/((-12)/(-200))?
18
Let z = 15 + 1. Suppose 4*v - 2*x - z = -5*x, -x - 4 = 0. What is the remainder when 19 is divided by v?
5
Suppose 2*z = -4, -6 = 3*g - g + 5*z. Calculate the remainder when 8 is divided by g.
0
Suppose -s + 6 = 2*p, -17 = -3*s - 5*p - 0*p. Suppose 4*y + 66 = -m + 3*m, m - s*y = 35. Calculate the remainder when m is divided by 16.
15
Let t(y) = -y**3 - 13*y**2 - 2*y - 20. Calculate the remainder when 58 is divided by t(-13).
4
Let p be -5*1*4 - -2. Let i(t) = -t**3 + 5*t**2 - 2*t + 3. What is the remainder when (-1 + p/(-4))*6 is divided by i(4)?
10
Let i be (2/(-4))/(4/(-16)). Suppose -i - 10 = -4*n. Calculate the remainder when 7 is divided by n.
1
Let p(o) be the third derivative of -1/12*o**5 + 5/24*o**4 + 0*o + o**2 + 0*o**3 + 0 - 1/120*o**6. Calculate the remainder when 11 is divided by p(-6).
5
Let a = 22 + -13. What is the remainder when a is divided by 4?
1
Let h = 11 + -28. Let t = -45 - h. Let l = t + 48. Calculate the remainder when 38 is divided by l.
18
Let o(a) = 6*a - 12. What is the remainder when 33 is divided by o(4)?
9
Let j = -90 - -109. What is the remainder when j is divided by 3?
1
Suppose -w = 4*w - 20. Suppose 5*j = c + w, 64 = 3*c - 2*j + 6*j. Calculate the remainder when 30 is divided by c.
14
Suppose 3*r + v + 3 = 0, 3*r = -r - 3*v - 9. Suppose r*g + 28 = g. Suppose 7*x - x - 90 = 0. Calculate the remainder when g is divided by x.
13
Let s = 8 + -5. Suppose 0 = -s*l - 0*l + 18. Let p = -5 + 15. What is the remainder when p is divided by l?
4
Let s = -37 - -44. What is the remainder when 20 is divided by s?
6
Let v(k) = -2*k - 5. Let d be v(-4). Suppose d*t - 4 = 2. Let m = 1 - 0. What is the remainder when t is divided by m?
0
Let l(b) be the first derivative of b**2/2 - 2*b + 6. Calculate the remainder when l(11) is divided by 3.
0
Let d = 30 - 28. Suppose 5*w = 3*h + 10, 0 = -2*w - 3*h - 9 - 8. Let o = d - w. Calculate the remainder when o is divided by 2.
1
Let j = 28 - -10. Calculate the remainder when j is divided by 13.
12
Suppose -34*l + 378 = -31*l. What is the remainder when l is divided by 33?
27
Let v = -4 - -6. Let q(b) = -b**2 + 4*b + 1. Let k be q(v). Suppose -16 = -k*y + y, 2*o + 2*y = 10. What is the remainder when 2 is divided by o?
0
Suppose 0 = p - 5*y - 37, -p + 3*y - 61 = -3*p. Suppose -4*f = -2*f + p. What is the remainder when 25 is divided by (-148)/f + (-1)/4?
7
Let p(m) = -m**3 - 4*m**2 + 4*m - 2. Let f be (-1 + 0)*(-2 + 7). Let i be p(f). Suppose -i*g + 23 = -25. Calculate the remainder when g is divided by 6.
4
Suppose 6*o = 2*o - 8. Let f = o + 3. Calculate the remainder when 44 is divided by 30/(-4)*(-3 + f).
14
Suppose 7 = -3*h + 4*h. Suppose -6*d = -4*n - 11*d + 16, -3*d + 4 = n. What is the remainder when h is divided by n?
3
What is the remainder when (-102 + -14)/((-2)/4*2) is divided by 17?
14
Let u = -374 - -559. Suppose -u = -6*g + g. Calculate the remainder when g is divided by 19.
18
Suppose -4*z + 4*w + 44 = 0, 2*z - 5*z + 2*w + 28 = 0. Calculate the remainder when z is divided by 2.
0
Suppose -z + 2 + 1 = 0. Suppose t + 2*h = 17, t + z*t - 79 = 3*h. Calculate the remainder when t is divided by 10.
9
Let o = 64 - -63. Calculate the remainder when o is divided by 13.
10
Let b be 90/(-8)*(0 - 4). Suppose -2*c + b = k, c + 66 = 4*c + 2*k. Let l = 6 + 7. Calculate the remainder when c is divided by l.
11
Suppose 4*n - 232 = 4*p, -n + 5*p + 66 = -0*n. Suppose n = 6*m - 2*m. What is the remainder when 39 is divided by m?
11
Let n = -4 - -7. Suppose 3*t - 42 = -2*a + 39, 0 = n*a. Calculate the remainder when t is divided by 14.
13
Suppose -f + 1 = -9. Suppose 0 = p - 24 - 4. Calculate the remainder when p is divided by f.
8
Suppose 0 = 3*r - 159 - 